ulate the highest common factor of 469 and 1939.
7
Calculate the highest common factor of 1199205 and 423.
423
What is the greatest common divisor of 2716 and 1134609?
679
Calculate the greatest common factor of 658 and 31114.
94
Calculate the greatest common divisor of 34848 and 198.
198
What is the highest common divisor of 322 and 168406?
322
What is the greatest common factor of 36 and 506748?
12
Calculate the highest common factor of 2044 and 30149.
511
Calculate the greatest common factor of 1 and 467.
1
What is the greatest common factor of 2167554 and 482?
482
What is the greatest common factor of 10155 and 165?
15
Calculate the greatest common factor of 2012981 and 151.
151
Calculate the greatest common factor of 4626 and 11214.
18
What is the greatest common factor of 49 and 1526497?
49
Calculate the highest common divisor of 67328 and 4471.
263
Calculate the highest common divisor of 8542 and 552.
2
Calculate the greatest common factor of 17611 and 1353.
11
What is the highest common factor of 281455 and 24435?
905
Calculate the greatest common divisor of 706442 and 22.
22
What is the greatest common factor of 10854 and 243?
81
Calculate the highest common divisor of 36 and 41996.
4
What is the greatest common divisor of 3625 and 3799?
29
Calculate the highest common divisor of 157845 and 323.
17
What is the greatest common divisor of 116 and 7366?
58
What is the highest common factor of 64246 and 70?
14
What is the greatest common divisor of 402 and 48?
6
What is the greatest common divisor of 1062 and 131216?
118
Calculate the highest common divisor of 4403 and 868.
7
Calculate the highest common factor of 1518227 and 1021.
1021
What is the greatest common factor of 13462 and 159?
53
What is the greatest common divisor of 107163 and 378?
189
Calculate the greatest common divisor of 2790 and 2170.
310
Calculate the highest common factor of 15804 and 162.
18
What is the greatest common divisor of 408158 and 3736?
934
Calculate the highest common factor of 16790 and 39330.
230
Calculate the highest common divisor of 73176 and 984.
24
What is the highest common divisor of 159136 and 32?
32
Calculate the highest common divisor of 63 and 138621.
21
What is the highest common divisor of 194215 and 945?
35
Calculate the highest common factor of 19 and 911924.
19
What is the greatest common divisor of 243372 and 102?
102
Calculate the highest common divisor of 3348 and 999.
27
What is the greatest common factor of 32088 and 168?
168
Calculate the greatest common divisor of 132 and 158640.
12
Calculate the highest common factor of 168 and 226548.
84
Calculate the highest common divisor of 53 and 47.
1
Calculate the highest common factor of 42525 and 5175.
225
Calculate the highest common divisor of 4558 and 7482.
86
Calculate the highest common divisor of 39663 and 216.
27
Calculate the highest common factor of 120580 and 320.
20
What is the highest common divisor of 4773 and 27348?
129
What is the highest common factor of 215361 and 81?
9
Calculate the highest common factor of 23903 and 17225.
53
What is the greatest common divisor of 30 and 18150?
30
Calculate the greatest common divisor of 45 and 78930.
45
What is the highest common factor of 1501 and 4769?
19
What is the highest common divisor of 95850 and 378?
54
What is the highest common divisor of 28967 and 5584?
349
What is the highest common divisor of 268 and 2500?
4
What is the greatest common divisor of 960 and 34752?
192
Calculate the greatest common divisor of 334269 and 171.
9
Calculate the greatest common factor of 152792 and 4035.
269
Calculate the greatest common factor of 1388400 and 390.
390
Calculate the greatest common divisor of 20259 and 18.
9
What is the greatest common factor of 42780 and 4876?
92
Calculate the greatest common divisor of 3942 and 27.
27
Calculate the greatest common factor of 30 and 22230.
30
What is the greatest common divisor of 143 and 18694?
13
Calculate the greatest common factor of 45504 and 72.
72
What is the greatest common factor of 1599 and 5193019?
533
What is the highest common factor of 366 and 29688?
6
What is the greatest common factor of 192 and 52464?
48
Calculate the greatest common divisor of 1510 and 3703728.
302
What is the highest common divisor of 168139 and 3601?
277
What is the highest common divisor of 64 and 149?
1
What is the highest common divisor of 84312 and 888?
24
Calculate the highest common divisor of 2170 and 56.
14
What is the greatest common divisor of 279 and 3457089?
279
Calculate the greatest common divisor of 1668186 and 1170.
234
What is the greatest common factor of 2058 and 678?
6
What is the highest common factor of 1440 and 1044360?
360
Calculate the highest common divisor of 792 and 1115136.
792
What is the highest common divisor of 648 and 12132?
36
What is the highest common divisor of 24108 and 2870?
574
What is the highest common factor of 69 and 31696737?
69
Calculate the highest common factor of 584 and 824.
8
What is the highest common factor of 128097 and 387?
387
What is the greatest common divisor of 230570 and 20?
10
Calculate the highest common divisor of 368316 and 936.
468
What is the highest common factor of 321 and 33491?
107
What is the greatest common factor of 454 and 1147485?
227
Calculate the greatest common divisor of 1036350 and 517.
47
Calculate the highest common factor of 47 and 2651599.
47
Calculate the highest common factor of 3795 and 756723.
759
Calculate the greatest common factor of 39636 and 612.
36
Calculate the highest common divisor of 120289 and 26.
13
Calculate the greatest common divisor of 1387 and 45695.
19
Calculate the highest common factor of 37487 and 3173.
19
Calculate the highest common factor of 266 and 23446.
38
Calculate the highest common divisor of 594 and 45232.
22
What is the highest common factor of 404 and 6259172?
404
What is the highest common factor of 299 and 92651?
13
What is the highest common factor of 115507 and 406?
203
Calculate the highest common factor of 57 and 98097.
57
Calculate the greatest common divisor of 20 and 952.
4
Calculate the greatest common divisor of 556 and 71168.
556
What is the greatest common factor of 34547 and 579?
193
What is the highest common divisor of 94696 and 534?
178
Calculate the greatest common factor of 2951 and 1274.
13
Calculate the highest common divisor of 63765 and 6045.
195
Calculate the greatest common divisor of 855 and 6650.
95
What is the greatest common divisor of 1255903 and 341?
341
Calculate the highest common divisor of 1287 and 2431.
143
Calculate the highest common divisor of 2266 and 24288.
22
Calculate the greatest common divisor of 35585 and 275.
55
Calculate the highest common factor of 4407 and 21723.
39
What is the greatest common divisor of 2854788 and 152?
76
Calculate the highest common divisor of 22942 and 2.
2
Calculate the highest common factor of 222035 and 1210.
605
What is the highest common divisor of 201712 and 336?
112
What is the greatest common factor of 14204 and 2862?
106
What is the greatest common factor of 12650 and 660?
110
Calculate the greatest common factor of 187443 and 117.
9
What is the greatest common divisor of 596 and 1720652?
596
Calculate the highest common divisor of 2142475 and 129.
43
Calculate the highest common factor of 315320 and 150.
10
Calculate the highest common factor of 13507 and 92471.
1039
What is the greatest common divisor of 68363 and 2495?
499
Calculate the highest common factor of 134076 and 36.
12
What is the highest common factor of 65281 and 679?
97
What is the greatest common divisor of 37245 and 585?
195
What is the greatest common divisor of 7 and 102690?
7
What is the greatest common factor of 51 and 35544?
3
What is the highest common divisor of 59923 and 83119?
1933
What is the greatest common divisor of 110478 and 6?
6
Calculate the greatest common factor of 25262 and 36142.
34
Calculate the highest common factor of 17639 and 1023.
31
Calculate the highest common factor of 12 and 234708.
12
Calculate the greatest common factor of 7 and 44177.
7
Calculate the highest common divisor of 2989 and 9.
1
Calculate the greatest common factor of 693 and 5621.
77
What is the highest common factor of 609900 and 2100?
300
Wha